{"id":2,"date":"2026-03-03T18:04:01","date_gmt":"2026-03-03T18:04:01","guid":{"rendered":"https:\/\/www.tertuliadofado.pt\/web\/?page_id=2"},"modified":"2026-03-05T15:17:35","modified_gmt":"2026-03-05T15:17:35","slug":"objetivos","status":"publish","type":"page","link":"https:\/\/www.tertuliadofado.pt\/web\/objetivos\/","title":{"rendered":"Objetivos"},"content":{"rendered":"\t\t<div data-elementor-type=\"wp-page\" data-elementor-id=\"2\" class=\"elementor elementor-2\">\n\t\t\t\t<div class=\"elementor-element elementor-element-1b1a126a e-flex e-con-boxed e-con e-parent\" data-id=\"1b1a126a\" data-element_type=\"container\" data-e-type=\"container\">\n\t\t\t\t\t<div class=\"e-con-inner\">\n\t\t\t\t<div class=\"elementor-element elementor-element-4629915f elementor-widget elementor-widget-text-editor\" data-id=\"4629915f\" data-element_type=\"widget\" data-e-type=\"widget\" data-widget_type=\"text-editor.default\">\n\t\t\t\t\t\t\t\t\t<section class=\"three_fourth last content-right\">\n<h3><img fetchpriority=\"high\" decoding=\"async\" class=\"alignnone size-full wp-image-1087\" src=\"https:\/\/www.tertuliadofado.pt\/web\/wp-content\/uploads\/2026\/03\/objetivos.jpg\" alt=\"\" width=\"700\" height=\"200\" srcset=\"https:\/\/www.tertuliadofado.pt\/web\/wp-content\/uploads\/2026\/03\/objetivos.jpg 700w, https:\/\/www.tertuliadofado.pt\/web\/wp-content\/uploads\/2026\/03\/objetivos-300x86.jpg 300w, https:\/\/www.tertuliadofado.pt\/web\/wp-content\/uploads\/2026\/03\/objetivos-600x171.jpg 600w\" sizes=\"(max-width: 700px) 100vw, 700px\" \/><\/h3>\n<h3>Os nossos objectivos<\/h3>\n<p>O fado, o canto e as tert\u00falias s\u00e3o, para n\u00f3s, um ve\u00edculo de cultura e de inquieta\u00e7\u00e3o. As nossas actividades s\u00e3o dirigidas para os seguintes objectivos que est\u00e3o definidos nos estatutos:<\/p>\n<p>1. Promover o fado de Lisboa e de Coimbra na diversidade das suas facetas, procurando intervir de forma harmoniosa e rigorosa, em articula\u00e7\u00e3o com os elementos mais significativos da cultura e do sentir nacional.<\/p>\n<p>2. Desenvolver outros aspectos culturais que constituam preocupa\u00e7\u00f5es e inquieta\u00e7\u00f5es da sociedade actual, numa contribui\u00e7\u00e3o pr\u00f3-activa para uma sociedade melhor preparada, mais evolu\u00edda, mais justa e mais solid\u00e1ria.<\/p>\n<p>3. Participar em projectos de interven\u00e7\u00e3o social, no combate \u00e0 pobreza e \u00e0 exclus\u00e3o, em parceria com outras organiza\u00e7\u00f5es que partilhem destes objectivos.<\/p>\n<p>4. Contribuir para o alargamento da lusofonia, como suporte de desenvolvimento das comunidades que t\u00eam como factor comum a l\u00edngua portuguesa.<\/p>\n<p>5. Dinamizar o esp\u00edrito tertuliano, como forma de conservar e fomentar a amizade desinteressada entre associados.<\/p>\n<\/section>\n<p><\/p>\n<div>\u00a0<\/div>\n<div>\u00a0<\/div>\t\t\t\t\t\t\t\t<\/div>\n\t\t\t\t\t<\/div>\n\t\t\t\t<\/div>\n\t\t\t\t<\/div>\n\t\t","protected":false},"excerpt":{"rendered":"<p>Os nossos objectivos O fado, o canto e as tert\u00falias s\u00e3o, para n\u00f3s, um ve\u00edculo de cultura e de inquieta\u00e7\u00e3o. As nossas actividades s\u00e3o dirigidas para os seguintes objectivos que est\u00e3o definidos nos estatutos: 1. Promover o fado de Lisboa e de Coimbra na diversidade das suas facetas, procurando intervir <a class=\"read-more\" href=\"https:\/\/www.tertuliadofado.pt\/web\/objetivos\/\">Read More&#8230;<\/a><\/p>\n","protected":false},"author":2,"featured_media":0,"parent":0,"menu_order":0,"comment_status":"closed","ping_status":"closed","template":"","meta":{"footnotes":""},"class_list":["post-2","page","type-page","status-publish","hentry"],"aioseo_notices":[],"_links":{"self":[{"href":"https:\/\/www.tertuliadofado.pt\/web\/wp-json\/wp\/v2\/pages\/2","targetHints":{"allow":["GET"]}}],"collection":[{"href":"https:\/\/www.tertuliadofado.pt\/web\/wp-json\/wp\/v2\/pages"}],"about":[{"href":"https:\/\/www.tertuliadofado.pt\/web\/wp-json\/wp\/v2\/types\/page"}],"author":[{"embeddable":true,"href":"https:\/\/www.tertuliadofado.pt\/web\/wp-json\/wp\/v2\/users\/2"}],"replies":[{"embeddable":true,"href":"https:\/\/www.tertuliadofado.pt\/web\/wp-json\/wp\/v2\/comments?post=2"}],"version-history":[{"count":5,"href":"https:\/\/www.tertuliadofado.pt\/web\/wp-json\/wp\/v2\/pages\/2\/revisions"}],"predecessor-version":[{"id":1139,"href":"https:\/\/www.tertuliadofado.pt\/web\/wp-json\/wp\/v2\/pages\/2\/revisions\/1139"}],"wp:attachment":[{"href":"https:\/\/www.tertuliadofado.pt\/web\/wp-json\/wp\/v2\/media?parent=2"}],"curies":[{"name":"wp","href":"https:\/\/api.w.org\/{rel}","templated":true}]}}